ainder when w(-1) is divided by 4/3 + 8/12.
1
Suppose -4 = 4*n, b + 0*n + n = 10. What is the remainder when 29 is divided by b?
7
Let b be (-16)/12 - 2/3. Let n(d) = -27*d - 1. What is the remainder when n(b) is divided by 18?
17
Suppose -5*q = -k - 15, -2*q + k = -9 + 6. Calculate the remainder when 47 is divided by q.
3
Let o(i) = -2*i**3 - 2*i**2 + i - 2. Let q be (-1)/(3 - 14/4). Suppose 13 = -q*w - 3*r, 4*w = 2*r - 3 + 1. Calculate the remainder when 10 is divided by o(w).
2
Let q(o) = 20*o - 20*o + 0*o**3 + 9 - o**3. What is the remainder when q(0) is divided by 4?
1
Suppose 4*b = -2*h + 3*h + 47, -5*h - 59 = -4*b. Calculate the remainder when 18 is divided by b.
7
Suppose -3*x - v - 43 = -7*x, -27 = -3*x - v. Let i(k) = k**2 - 8*k - 14. What is the remainder when 9 is divided by i(x)?
3
Suppose 102 = 5*d - 3*h, -d = -5*h - 24 - 14. Calculate the remainder when 51 is divided by d.
15
Suppose 2*d = -3*w + 20, -5*w = -2*d - d - 27. Let n = -55 - -83. Let p = n - 17. What is the remainder when p is divided by w?
5
Let d = -41 + 59. Calculate the remainder when 88 is divided by d.
16
Let m(c) = c - 10. Let q be m(12). Let n = q - -13. Let s(v) = -5*v**3 - 4*v**2 - 3*v - 2. What is the remainder when s(-2) is divided by n?
13
Let y(j) = -2*j - 15. What is the remainder when 4 is divided by y(-9)?
1
Let g = -20 + 39. What is the remainder when g is divided by 5?
4
What is the remainder when 13 is divided by 48/20*(-10)/(-4)?
1
Suppose 4*j = -4, 5*j + 1 = y - 8. Suppose 3 + 53 = y*h. Let r(n) = n - 2. What is the remainder when h is divided by r(6)?
2
Let f be ((-4)/12)/((-3)/207). Suppose 5*v + 3 = f. What is the remainder when 6 is divided by v?
2
Suppose -6 = 2*n - 22. Let v(o) = -o**2 - 7*o + 4. Let i be v(-7). Suppose -i*g - 6 = -6*g. What is the remainder when n is divided by g?
2
Let s(f) = -f**3 + 7*f**2 - 4*f - 1. Suppose 6 = -0*t + 2*t. Suppose m = -t*m + 84. Calculate the remainder when m is divided by s(6).
10
Let w(y) = -3*y + 8. Let r be w(10). Calculate the remainder when 43 is divided by 0/1 - r/2.
10
Suppose -3*t + 136 = t. What is the remainder when t is divided by 0 - (-5)/(10/36)?
16
Let y = 155 - 102. What is the remainder when y is divided by 14?
11
Let h(p) = 12*p**3 + p. Let l(b) = -3*b**3 - b**2 + 6*b - 4. What is the remainder when l(-3) is divided by h(1)?
11
Let d = -39 - -61. Let o(t) = 3*t**2 + 1. Let l be o(2). Let p = -5 + l. What is the remainder when d is divided by p?
6
Suppose 24 = o + q, 0*o = 5*o + 2*q - 105. Let y(i) be the third derivative of -i**4/24 + i**3/2 + 3*i**2. What is the remainder when o is divided by y(-4)?
5
Calculate the remainder when 39 is divided by 1*(-1)/(4/(-56)).
11
Calculate the remainder when 17 is divided by -1 + (4 - 30/(-5)).
8
Let m(f) = f**3 - 4*f**2 + f - 1. Suppose 5*p - 3*a = -2, -3 + 11 = 2*a. What is the remainder when m(4) is divided by p?
1
Suppose -4*p + 3*j = -j - 188, 0 = 4*p + 5*j - 215. What is the remainder when p is divided by 17?
16
Let p(q) = 2*q**2 + 37 - 5*q + 5*q - 3*q**2. What is the remainder when p(0) is divided by 20?
17
Suppose 5*a - 171 = -4*b, -5*a - 4*b = -2*a - 101. What is the remainder when a is divided by 9?
8
Let a(b) be the third derivative of -b**4/12 - b**3/6 - b**2. Let r be a(2). Let t = r + 8. What is the remainder when 8 is divided by t?
2
Let y(h) = 3*h + 0 + 6 - h**2 + 2*h - 4. What is the remainder when y(4) is divided by 4?
2
Let w be (42/(-9))/((-2)/(-12)). Let i = 31 + w. What is the remainder when 9 is divided by i?
0
Let n = -7 + 15. Suppose n = -2*u + 4. What is the remainder when (u - -3)/((-3)/(-33)) is divided by 4?
3
Let w(o) = -2*o**3 - 13*o**2 - 7*o - 7. What is the remainder when w(-7) is divided by 23?
22
Let l(m) = -10*m**3 + m**2 + m. Suppose 5*c - 136 - 59 = 0. Let i = c + -21. What is the remainder when i is divided by l(-1)?
8
Suppose 2*i + q = 2*q + 12, 4*i - 12 = 5*q. Suppose -7*t + 15 = -4*t. Calculate the remainder when i is divided by t.
3
Calculate the remainder when ((-71)/(-2))/((-1)/(-2)) is divided by 18.
17
Let k(b) = -b**2 - 1. Let l be k(0). Calculate the remainder when l - -4 - (-48)/2 is divided by 15.
12
Let l = 91 + -54. Calculate the remainder when l is divided by 14.
9
Calculate the remainder when 78/(-4)*2/(-3) is divided by 7.
6
Suppose 8*w - 2*w - 192 = 0. Let h(p) = p**2 + 3*p + 1. What is the remainder when w is divided by h(-5)?
10
Let f(r) = -r - 7. Let d be f(-11). Suppose -3*k = 3*o - 15, o - d*o = -k - 15. What is the remainder when 14 is divided by o?
4
Calculate the remainder when 54 is divided by -3*(-10 - 9)/(3/1).
16
Let a = 0 + 0. Suppose a = -2*y - 0*y + 8. Suppose 0 = y*t - 2*p - 148, -5*p + 1 - 38 = -t. Calculate the remainder when t is divided by 13.
11
Let m = 12 - 1. Suppose 0 = 2*b - 0*b + 74. What is the remainder when b/(-2) - (-6)/4 is divided by m?
9
Let f be (-1)/((-3)/(30/2)). Suppose -d + f*d = 128. What is the remainder when d is divided by 17?
15
Suppose -2*z + q + 17 = 0, -2*z - 3*q = -2*q - 11. Calculate the remainder when 25 is divided by z.
4
Suppose -30 = -4*o + 2*w + 54, 2*o + 4*w - 52 = 0. Suppose -177 = -5*h - o. Calculate the remainder when 122 is divided by h.
29
Let x be (-2)/(-3) - (-133)/3. Let y = 12 - -2. Calculate the remainder when y is divided by (x/36)/(1/4).
4
Suppose -2*f + 135 = 3*f. Let g(a) = -8*a - 24. Calculate the remainder when g(-13) is divided by f.
26
Let m = -8 - -13. Let s(u) = -u**3 + 5*u**2 + u + 1. Let x be s(m). What is the remainder when 11 is divided by x*1 - (-5 + 5)?
5
Let z = 41 - 37. Calculate the remainder when 12 is divided by z.
0
Let a = -11 + 15. Suppose -a*q = 2*d + 10, -4*q + d - 8 = 5. What is the remainder when 29 is divided by ((-2)/(-1))/(q/(-15))?
9
Let r(k) = -k + 14. Let o = -6 + 11. Suppose -104 = -3*s - s. Calculate the remainder when s is divided by r(o).
8
What is the remainder when 22 is divided by (1 + 0)/((-13)/(-65))?
2
Suppose 2*k - 193 = 287. Suppose k = 7*z - 3*z. Calculate the remainder when z is divided by 21.
18
Suppose 0 = -b + 2*b - 35. Suppose 10 = -5*n, -j - 2*j - 2*n = -32. Calculate the remainder when b is divided by j.
11
Let s(t) = t - 1. Let q(h) = -5*h - 4. Let d(o) = -15*o - 13. Let x(l) = -2*d(l) + 7*q(l). Let y be x(-2). Calculate the remainder when 25 is divided by s(y).
4
Suppose -12 = -d + 11. What is the remainder when 89 is divided by d?
20
Let x = 38 - 24. What is the remainder when 62 is divided by x?
6
Suppose 0 = -5*a + 5*h, 5*a + 2*h + 0*h = 0. Suppose 3*k + a*k - 141 = 0. What is the remainder when k is divided by 16?
15
Let k be 97 - ((-9)/(-3) + -2). Suppose 2*d + 3*d + k = 2*t, -42 = -t + d. What is the remainder when t is divided by 20?
18
Suppose 4*q = q + 27. Suppose 0 = -g + 42 - 17. What is the remainder when g is divided by q?
7
Suppose 0 = 2*b - 52 - 22. Calculate the remainder when 72 is divided by b.
35
Let u = 4 - 0. Suppose u*p + m - 28 = 23, -4*m + 22 = 3*p. Let x = 7 + -2. Calculate the remainder when p is divided by x.
4
Suppose 0 = -9*p + 93 + 33. Calculate the remainder when 53 is divided by p.
11
Suppose 8*i - 41 = 39. What is the remainder when 19 is divided by i?
9
Let p = -66 + 123. Let l(g) = -g**3 - 4*g**2 + 6*g - 16. What is the remainder when p is divided by l(-6)?
17
Let i(a) = 4*a**3 - 3*a**3 + 0*a**2 - a + 5*a**2. Let x = -3 + 16. What is the remainder when x is divided by i(-5)?
3
Suppose -5*x + 23 = -47. What is the remainder when 26 is divided by x?
12
Suppose -3*z - 26 = -134. Let o = -6 + 19. What is the remainder when z is divided by o?
10
Suppose -5*y + 97 - 5 = z, -2*y + 278 = 4*z. Calculate the remainder when z is divided by 17.
16
Suppose 0*i = 3*d + i - 132, -2*i = 5*d - 219. Calculate the remainder when d is divided by 16.
13
Let x(t) = 19*t - 1. What is the remainder when x(2) is divided by 1 - (-48)/(-4)*-1?
11
Let p(a) be the second derivative of 23*a**5/10 - a. Let d be p(1). Suppose -h - 32 = -2*g - g, 2*h - d = -5*g. Calculate the remainder when 18 is divided by g.
8
Suppose 0 = 4*r - w - 124 + 3, -62 = -3*r - 5*w. What is the remainder when r is divided by 1 + (-5)/((-30)/54)?
9
Suppose -5 = 5*m, -7*v + 3*v = 2*m - 10. Calculate the remainder when 19 is divided by v.
1
Let b be 50/5*(-1)/2. Let x = -11 - b. Let s = x + 2